{"id":1844,"date":"2020-11-15T17:32:50","date_gmt":"2020-11-15T20:32:50","guid":{"rendered":"https:\/\/www.solocampings.com\/publicitar\/?page_id=1844"},"modified":"2021-07-26T14:45:29","modified_gmt":"2021-07-26T17:45:29","slug":"inicio","status":"publish","type":"page","link":"https:\/\/www.solocampings.com\/publicitar\/","title":{"rendered":"Inicio"},"content":{"rendered":"<style>.wp-block-kadence-spacer.kt-block-spacer-_442d6a-9c .kt-block-spacer{height:120px;}.wp-block-kadence-spacer.kt-block-spacer-_442d6a-9c .kt-divider{border-top-width:6px;border-top-color:#eee;width:80%;border-top-style:solid;}<\/style>\n<div class=\"wp-block-kadence-spacer aligncenter kt-block-spacer-_442d6a-9c\"><div class=\"kt-block-spacer kt-block-spacer-halign-center\" style=\"height:120px\"><hr class=\"kt-divider\" style=\"border-top-color:#eee;border-top-width:6px;width:80%;border-top-style:solid\"\/><\/div><\/div>\n\n\n<style>#kt-layout-id_8a64df-cf{margin-top:0px;margin-bottom:40px;}#kt-layout-id_8a64df-cf > .kt-row-column-wrap{align-content:center;}:where(#kt-layout-id_8a64df-cf > .kt-row-column-wrap) > .wp-block-kadence-column{justify-content:center;}#kt-layout-id_8a64df-cf > .kt-row-column-wrap{column-gap:40px;row-gap:var(--global-kb-gap-md, 2rem);max-width:80%;margin-left:auto;margin-right:auto;padding-top:var( --global-kb-row-default-top, 25px );padding-bottom:var( --global-kb-row-default-bottom, 25px );padding-top:0px;padding-bottom:0px;grid-template-columns:minmax(0, calc(30% - ((40px * 1 )\/2)))minmax(0, calc(70% - ((40px * 1 )\/2)));}#kt-layout-id_8a64df-cf > .kt-row-layout-overlay{opacity:0.30;}@media all and (max-width: 1024px){#kt-layout-id_8a64df-cf > .kt-row-column-wrap{grid-template-columns:minmax(0, 1fr) minmax(0, 2fr);}}@media all and (max-width: 767px){#kt-layout-id_8a64df-cf > .kt-row-column-wrap{grid-template-columns:minmax(0, 1fr);}}<\/style>\n<div class=\"wp-block-kadence-rowlayout alignfull\"><div id=\"kt-layout-id_8a64df-cf\" class=\"kt-row-layout-inner kt-layout-id_8a64df-cf\"><div class=\"kt-row-column-wrap kt-has-2-columns kt-gutter-wide kt-v-gutter-default kt-row-valign-middle kt-row-layout-right-golden kt-tab-layout-inherit kt-m-colapse-left-to-right kt-mobile-layout-row  kt-custom-first-width-30  kt-custom-second-width-70\"><style>.kadence-column_af54d2-2e > .kt-inside-inner-col{border-top-width:0px;border-right-width:0px;border-bottom-width:0px;border-left-width:0px;}.kadence-column_af54d2-2e > .kt-inside-inner-col,.kadence-column_af54d2-2e > .kt-inside-inner-col:before{border-top-left-radius:0px;border-top-right-radius:0px;border-bottom-right-radius:0px;border-bottom-left-radius:0px;}.kadence-column_af54d2-2e > .kt-inside-inner-col{column-gap:var(--global-kb-gap-sm, 1rem);}.kadence-column_af54d2-2e > .kt-inside-inner-col{flex-direction:column;}.kadence-column_af54d2-2e > .kt-inside-inner-col > .aligncenter{width:100%;}.kadence-column_af54d2-2e > .kt-inside-inner-col:before{opacity:0.3;}.kadence-column_af54d2-2e{position:relative;}@media all and (max-width: 1024px){.kadence-column_af54d2-2e > .kt-inside-inner-col{flex-direction:column;justify-content:center;}}@media all and (max-width: 767px){.kadence-column_af54d2-2e > .kt-inside-inner-col{flex-direction:column;justify-content:center;}}<\/style>\n<div class=\"wp-block-kadence-column inner-column-1 kadence-column_af54d2-2e\"><div class=\"kt-inside-inner-col\"><style>.wp-block-kadence-advancedgallery .kb-gallery-type-masonry.kb-gallery-id-_d1477b-9c{margin:-5px;}.kb-gallery-type-masonry.kb-gallery-id-_d1477b-9c .kadence-blocks-gallery-item{padding:5px;}.kb-gallery-id-_d1477b-9c .kadence-blocks-gallery-item .kb-gal-image-radius, .kb-gallery-id-_d1477b-9c .kb-slide-item .kb-gal-image-radius img{border-radius:200px 200px 200px 200px;;}<\/style>\n<div class=\"wp-block-kadence-advancedgallery alignwide kb-gallery-wrap-id-_d1477b-9c\"><ul class=\"kb-gallery-ul kb-gallery-type-masonry kb-masonry-init kb-gallery-id-_d1477b-9c kb-gallery-caption-style-bottom-hover kb-gallery-filter-none\" data-item-selector=\".kadence-blocks-gallery-item\" data-image-filter=\"none\" data-lightbox-caption=\"true\" data-columns-xxl=\"1\" data-columns-xl=\"1\" data-columns-lg=\"1\" data-columns-md=\"1\" data-columns-sm=\"1\" data-columns-xs=\"1\"><li class=\"kadence-blocks-gallery-item\"><div class=\"kadence-blocks-gallery-item-inner\"><figure class=\"kb-gallery-figure kadence-blocks-gallery-item-hide-caption\"><div class=\"kb-gal-image-radius\" style=\"max-width:400px\"><div class=\"kb-gallery-image-contain kadence-blocks-gallery-intrinsic\" style=\"padding-bottom:100%\"><img loading=\"lazy\" decoding=\"async\" data-attachment-id=\"1950\" data-permalink=\"https:\/\/www.solocampings.com\/publicitar\/inicio\/camping_home_400\/\" data-orig-file=\"https:\/\/i0.wp.com\/www.solocampings.com\/publicitar\/wp-content\/uploads\/2020\/11\/camping_home_400.jpg?fit=400%2C400&amp;ssl=1\" data-orig-size=\"400,400\" data-comments-opened=\"0\" data-image-meta=\"{&quot;aperture&quot;:&quot;0&quot;,&quot;credit&quot;:&quot;&quot;,&quot;camera&quot;:&quot;&quot;,&quot;caption&quot;:&quot;&quot;,&quot;created_timestamp&quot;:&quot;0&quot;,&quot;copyright&quot;:&quot;&quot;,&quot;focal_length&quot;:&quot;0&quot;,&quot;iso&quot;:&quot;0&quot;,&quot;shutter_speed&quot;:&quot;0&quot;,&quot;title&quot;:&quot;&quot;,&quot;orientation&quot;:&quot;0&quot;}\" data-image-title=\"camping_home_400\" data-image-description=\"\" data-image-caption=\"\" data-medium-file=\"https:\/\/i0.wp.com\/www.solocampings.com\/publicitar\/wp-content\/uploads\/2020\/11\/camping_home_400.jpg?fit=300%2C300&amp;ssl=1\" data-large-file=\"https:\/\/i0.wp.com\/www.solocampings.com\/publicitar\/wp-content\/uploads\/2020\/11\/camping_home_400.jpg?fit=400%2C400&amp;ssl=1\" tabindex=\"0\" role=\"button\" src=\"https:\/\/i0.wp.com\/www.solocampings.com\/publicitar\/wp-content\/uploads\/2020\/11\/camping_home_400.jpg?resize=400%2C400&#038;ssl=1\" width=\"400\" height=\"400\" alt=\"Gu\u00eda SoloCampings\" data-full-image=\"https:\/\/i0.wp.com\/www.solocampings.com\/publicitar\/wp-content\/uploads\/2020\/11\/camping_home_400.jpg?resize=400%2C400&#038;ssl=1\" data-light-image=\"https:\/\/i0.wp.com\/www.solocampings.com\/publicitar\/wp-content\/uploads\/2020\/11\/camping_home_400.jpg?resize=400%2C400&#038;ssl=1\" data-id=\"1950\" data-link=\"https:\/\/www.solocampings.com\/publicitar\/inicio\/camping_home_400\/\" class=\"wp-image-1950undefined\" srcset=\"https:\/\/i0.wp.com\/www.solocampings.com\/publicitar\/wp-content\/uploads\/2020\/11\/camping_home_400.jpg?w=400&amp;ssl=1 400w, https:\/\/i0.wp.com\/www.solocampings.com\/publicitar\/wp-content\/uploads\/2020\/11\/camping_home_400.jpg?resize=300%2C300&amp;ssl=1 300w, https:\/\/i0.wp.com\/www.solocampings.com\/publicitar\/wp-content\/uploads\/2020\/11\/camping_home_400.jpg?resize=150%2C150&amp;ssl=1 150w\" sizes=\"(max-width: 400px) 100vw, 400px\" data-recalc-dims=\"1\" \/><\/div><\/div><\/figure><\/div><\/li><\/ul><\/div>\n<\/div><\/div>\n\n\n<style>.kadence-column_055f1a-c5 > .kt-inside-inner-col{border-top-width:0px;border-right-width:0px;border-bottom-width:0px;border-left-width:0px;}.kadence-column_055f1a-c5 > .kt-inside-inner-col,.kadence-column_055f1a-c5 > .kt-inside-inner-col:before{border-top-left-radius:0px;border-top-right-radius:0px;border-bottom-right-radius:0px;border-bottom-left-radius:0px;}.kadence-column_055f1a-c5 > .kt-inside-inner-col{column-gap:var(--global-kb-gap-sm, 1rem);}.kadence-column_055f1a-c5 > .kt-inside-inner-col{flex-direction:column;}.kadence-column_055f1a-c5 > .kt-inside-inner-col > .aligncenter{width:100%;}.kadence-column_055f1a-c5 > .kt-inside-inner-col:before{opacity:0.3;}.kadence-column_055f1a-c5{position:relative;}@media all and (max-width: 1024px){.kadence-column_055f1a-c5 > .kt-inside-inner-col{flex-direction:column;justify-content:center;}}@media all and (max-width: 767px){.kadence-column_055f1a-c5 > .kt-inside-inner-col{flex-direction:column;justify-content:center;}}<\/style>\n<div class=\"wp-block-kadence-column inner-column-2 kadence-column_055f1a-c5\"><div class=\"kt-inside-inner-col\"><style>.wp-block-kadence-advancedheading.kt-adv-heading_148b0e-00, .wp-block-kadence-advancedheading.kt-adv-heading_148b0e-00[data-kb-block=\"kb-adv-heading_148b0e-00\"]{margin-top:0px;margin-bottom:20px;text-align:center;font-style:normal;}.wp-block-kadence-advancedheading.kt-adv-heading_148b0e-00 mark.kt-highlight, .wp-block-kadence-advancedheading.kt-adv-heading_148b0e-00[data-kb-block=\"kb-adv-heading_148b0e-00\"] mark.kt-highlight{font-style:normal;color:#f76a0c;-webkit-box-decoration-break:clone;box-decoration-break:clone;padding-top:0px;padding-right:0px;padding-bottom:0px;padding-left:0px;}<\/style>\n<h1 class=\"kt-adv-heading_148b0e-00 wp-block-kadence-advancedheading\" data-kb-block=\"kb-adv-heading_148b0e-00\"><strong>Opciones para Campings<\/strong><\/h1>\n\n\n<style>.wp-block-kadence-iconlist.kt-svg-icon-list-items_fe8f32-59:not(.this-stops-third-party-issues){margin-top:0px;margin-bottom:0px;}.wp-block-kadence-iconlist.kt-svg-icon-list-items_fe8f32-59 ul.kt-svg-icon-list:not(.this-prevents-issues):not(.this-stops-third-party-issues):not(.tijsloc){margin-top:15px;margin-right:0px;margin-bottom:15px;margin-left:15px;}.wp-block-kadence-iconlist.kt-svg-icon-list-items_fe8f32-59 ul.kt-svg-icon-list{grid-row-gap:15px;}.wp-block-kadence-iconlist.kt-svg-icon-list-items_fe8f32-59 ul.kt-svg-icon-list .kt-svg-icon-list-item-wrap .kt-svg-icon-list-single{margin-right:13px;}.kt-svg-icon-list-items_fe8f32-59 ul.kt-svg-icon-list .kt-svg-icon-list-item-wrap, .kt-svg-icon-list-items_fe8f32-59 ul.kt-svg-icon-list .kt-svg-icon-list-item-wrap a{color:#000000;font-size:20px;letter-spacing:0.3px;font-weight:400;color:#000000;}.kt-svg-icon-list-items_fe8f32-59 ul.kt-svg-icon-list .kt-svg-icon-list-level-0 .kt-svg-icon-list-single svg{font-size:28px;}.kt-svg-icon-list-items_fe8f32-59 ul.kt-svg-icon-list .kt-svg-icon-list-level-1 .kt-svg-icon-list-single svg{font-size:28px;}.kt-svg-icon-list-items_fe8f32-59 ul.kt-svg-icon-list .kt-svg-icon-list-level-2 .kt-svg-icon-list-single svg{font-size:28px;}.kt-svg-icon-list-items_fe8f32-59 ul.kt-svg-icon-list .kt-svg-icon-list-level-3 .kt-svg-icon-list-single svg{font-size:28px;}.kt-svg-icon-list-items_fe8f32-59 ul.kt-svg-icon-list .kt-svg-icon-list-level-4 .kt-svg-icon-list-single svg{font-size:28px;}<\/style>\n<div class=\"wp-block-kadence-iconlist kt-svg-icon-list-items kt-svg-icon-list-items_fe8f32-59 kt-svg-icon-list-columns-1 alignnone\"><ul class=\"kt-svg-icon-list\"><li class=\"kt-svg-icon-list-style-default kt-svg-icon-list-item-wrap kt-svg-icon-list-item-0\"><a href=\"https:\/\/www.solocampings.com\/publicitar\/actualizacion-de-datos\/\" class=\"kt-svg-icon-link\"><div style=\"display:inline-flex;justify-content:center;align-items:center;color:#ff9900\" class=\"kt-svg-icon-list-single kt-svg-icon-list-single-fe_arrowRightCircle\"><svg style=\"display:inline-block;vertical-align:middle\" viewbox=\"0 0 24 24\" height=\"28\" width=\"28\" fill=\"none\" stroke=\"currentColor\" xmlns=\"http:\/\/www.w3.org\/2000\/svg\" stroke-width=\"2\" stroke-linecap=\"round\" stroke-linejoin=\"round\"><circle cx=\"12\" cy=\"12\" r=\"10\"><\/circle><polyline points=\"12 16 16 12 12 8\"><\/polyline><line x1=\"8\" y1=\"12\" x2=\"16\" y2=\"12\"><\/line><\/svg><\/div><span class=\"kt-svg-icon-list-text\"><strong>Actualice gratis:<\/strong> datos, servicios, fotos, etc, de su camping aqu\u00ed<\/span><\/a><\/li><li class=\"kt-svg-icon-list-style-default kt-svg-icon-list-item-wrap kt-svg-icon-list-item-1\"><a href=\"https:\/\/www.solocampings.com\/publicitar\/new-camping\/\" class=\"kt-svg-icon-link\"><div style=\"display:inline-flex;justify-content:center;align-items:center;color:#ff9900\" class=\"kt-svg-icon-list-single kt-svg-icon-list-single-fe_arrowRightCircle\"><svg style=\"display:inline-block;vertical-align:middle\" viewbox=\"0 0 24 24\" height=\"28\" width=\"28\" fill=\"none\" stroke=\"currentColor\" xmlns=\"http:\/\/www.w3.org\/2000\/svg\" stroke-width=\"2\" stroke-linecap=\"round\" stroke-linejoin=\"round\"><circle cx=\"12\" cy=\"12\" r=\"10\"><\/circle><polyline points=\"12 16 16 12 12 8\"><\/polyline><line x1=\"8\" y1=\"12\" x2=\"16\" y2=\"12\"><\/line><\/svg><\/div><span class=\"kt-svg-icon-list-text\">\u00bfSu camping a\u00fan no est\u00e1 en la Gu\u00eda SoloCampings?<br><strong>\u00a1 Reg\u00edstrelo gratis aqu\u00ed !<\/strong><\/span><\/a><\/li><li class=\"kt-svg-icon-list-style-default kt-svg-icon-list-item-wrap kt-svg-icon-list-item-2\"><a href=\"https:\/\/www.solocampings.com\/publicitar\/publicidad-para-campings\/\" class=\"kt-svg-icon-link\"><div style=\"display:inline-flex;justify-content:center;align-items:center;color:#ff9900\" class=\"kt-svg-icon-list-single kt-svg-icon-list-single-fe_arrowRightCircle\"><svg style=\"display:inline-block;vertical-align:middle\" viewbox=\"0 0 24 24\" height=\"28\" width=\"28\" fill=\"none\" stroke=\"currentColor\" xmlns=\"http:\/\/www.w3.org\/2000\/svg\" stroke-width=\"2\" stroke-linecap=\"round\" stroke-linejoin=\"round\"><circle cx=\"12\" cy=\"12\" r=\"10\"><\/circle><polyline points=\"12 16 16 12 12 8\"><\/polyline><line x1=\"8\" y1=\"12\" x2=\"16\" y2=\"12\"><\/line><\/svg><\/div><span class=\"kt-svg-icon-list-text\"><strong>\u00bfDesea que m\u00e1s campistas visiten su camping?<\/strong><br>Publicidad Premium: lea aqu\u00ed ventajas y beneficios<\/span><\/a><\/li><li class=\"kt-svg-icon-list-style-default kt-svg-icon-list-item-wrap kt-svg-icon-list-item-3\"><a href=\"https:\/\/www.solocampings.com\/publicitar\/publicidad-para-campings\/\" class=\"kt-svg-icon-link\"><div style=\"display:inline-flex;justify-content:center;align-items:center;color:#ff9900\" class=\"kt-svg-icon-list-single kt-svg-icon-list-single-fe_arrowRightCircle\"><svg style=\"display:inline-block;vertical-align:middle\" viewbox=\"0 0 24 24\" height=\"28\" width=\"28\" fill=\"none\" stroke=\"currentColor\" xmlns=\"http:\/\/www.w3.org\/2000\/svg\" stroke-width=\"2\" stroke-linecap=\"round\" stroke-linejoin=\"round\"><circle cx=\"12\" cy=\"12\" r=\"10\"><\/circle><polyline points=\"12 16 16 12 12 8\"><\/polyline><line x1=\"8\" y1=\"12\" x2=\"16\" y2=\"12\"><\/line><\/svg><\/div><span class=\"kt-svg-icon-list-text\">Consultar tarifas de <strong>Publicidad Premium<\/strong><\/span><\/a><\/li><li class=\"kt-svg-icon-list-style-default kt-svg-icon-list-item-wrap kt-svg-icon-list-item-4\"><a href=\"https:\/\/www.solocampings.com\/publicitar\/publicidad-para-campings\/\" class=\"kt-svg-icon-link\"><div style=\"display:inline-flex;justify-content:center;align-items:center;color:#ff9900\" class=\"kt-svg-icon-list-single kt-svg-icon-list-single-fe_arrowRightCircle\"><svg style=\"display:inline-block;vertical-align:middle\" viewbox=\"0 0 24 24\" height=\"28\" width=\"28\" fill=\"none\" stroke=\"currentColor\" xmlns=\"http:\/\/www.w3.org\/2000\/svg\" stroke-width=\"2\" stroke-linecap=\"round\" stroke-linejoin=\"round\"><circle cx=\"12\" cy=\"12\" r=\"10\"><\/circle><polyline points=\"12 16 16 12 12 8\"><\/polyline><line x1=\"8\" y1=\"12\" x2=\"16\" y2=\"12\"><\/line><\/svg><\/div><span class=\"kt-svg-icon-list-text\">Contratar <strong>Publicidad Premium<\/strong><\/span><\/a><\/li><\/ul><\/div>\n\n\n\n<p><\/p>\n<\/div><\/div>\n<\/div><\/div><\/div>\n\n\n<style>.wp-block-kadence-spacer.kt-block-spacer-_b1ce45-64 .kt-block-spacer{height:130px;}.wp-block-kadence-spacer.kt-block-spacer-_b1ce45-64 .kt-divider{border-top-width:6px;border-top-color:#eee;width:80%;border-top-style:solid;}<\/style>\n<div class=\"wp-block-kadence-spacer aligncenter kt-block-spacer-_b1ce45-64\"><div class=\"kt-block-spacer kt-block-spacer-halign-center\" style=\"height:130px\"><hr class=\"kt-divider\" style=\"border-top-color:#eee;border-top-width:6px;width:80%;border-top-style:solid\"\/><\/div><\/div>\n\n\n\n<p><\/p>\n","protected":false},"excerpt":{"rendered":"<p>Opciones para Campings<\/p>\n","protected":false},"author":1,"featured_media":0,"parent":0,"menu_order":0,"comment_status":"closed","ping_status":"closed","template":"","meta":{"site-sidebar-layout":"default","site-content-layout":"default","ast-site-content-layout":"","site-content-style":"default","site-sidebar-style":"default","ast-global-header-display":"","ast-banner-title-visibility":"","ast-main-header-display":"","ast-hfb-above-header-display":"","ast-hfb-below-header-display":"","ast-hfb-mobile-header-display":"","site-post-title":"disabled","ast-breadcrumbs-content":"","ast-featured-img":"","footer-sml-layout":"","theme-transparent-header-meta":"default","adv-header-id-meta":"","stick-header-meta":"","header-above-stick-meta":"","header-main-stick-meta":"","header-below-stick-meta":"","astra-migrate-meta-layouts":"default","ast-page-background-enabled":"default","ast-page-background-meta":{"desktop":{"background-color":"","background-image":"","background-repeat":"repeat","background-position":"center center","background-size":"auto","background-attachment":"scroll","background-type":"","background-media":"","overlay-type":"","overlay-color":"","overlay-gradient":""},"tablet":{"background-color":"","background-image":"","background-repeat":"repeat","background-position":"center center","background-size":"auto","background-attachment":"scroll","background-type":"","background-media":"","overlay-type":"","overlay-color":"","overlay-gradient":""},"mobile":{"background-color":"","background-image":"","background-repeat":"repeat","background-position":"center center","background-size":"auto","background-attachment":"scroll","background-type":"","background-media":"","overlay-type":"","overlay-color":"","overlay-gradient":""}},"ast-content-background-meta":{"desktop":{"background-color":"var(--ast-global-color-5)","background-image":"","background-repeat":"repeat","background-position":"center center","background-size":"auto","background-attachment":"scroll","background-type":"","background-media":"","overlay-type":"","overlay-color":"","overlay-gradient":""},"tablet":{"background-color":"var(--ast-global-color-5)","background-image":"","background-repeat":"repeat","background-position":"center center","background-size":"auto","background-attachment":"scroll","background-type":"","background-media":"","overlay-type":"","overlay-color":"","overlay-gradient":""},"mobile":{"background-color":"var(--ast-global-color-5)","background-image":"","background-repeat":"repeat","background-position":"center center","background-size":"auto","background-attachment":"scroll","background-type":"","background-media":"","overlay-type":"","overlay-color":"","overlay-gradient":""}},"footnotes":""},"yoast_head":"<!-- This site is optimized with the Yoast SEO plugin v23.5 - https:\/\/yoast.com\/wordpress\/plugins\/seo\/ -->\n<title>Inicio -<\/title>\n<meta name=\"robots\" content=\"index, follow, max-snippet:-1, max-image-preview:large, max-video-preview:-1\" \/>\n<link rel=\"canonical\" href=\"https:\/\/www.solocampings.com\/publicitar\/\" \/>\n<meta property=\"og:locale\" content=\"es_ES\" \/>\n<meta property=\"og:type\" content=\"article\" \/>\n<meta property=\"og:title\" content=\"Inicio -\" \/>\n<meta property=\"og:description\" content=\"Opciones para Campings\" \/>\n<meta property=\"og:url\" content=\"https:\/\/www.solocampings.com\/publicitar\/\" \/>\n<meta property=\"article:modified_time\" content=\"2021-07-26T17:45:29+00:00\" \/>\n<meta property=\"og:image\" content=\"https:\/\/www.solocampings.com\/publicitar\/wp-content\/uploads\/2020\/11\/camping_home_400.jpg\" \/>\n<meta name=\"twitter:card\" content=\"summary_large_image\" \/>\n<meta name=\"twitter:label1\" content=\"Tiempo de lectura\" \/>\n\t<meta name=\"twitter:data1\" content=\"1 minuto\" \/>\n<script type=\"application\/ld+json\" class=\"yoast-schema-graph\">{\"@context\":\"https:\/\/schema.org\",\"@graph\":[{\"@type\":\"WebPage\",\"@id\":\"https:\/\/www.solocampings.com\/publicitar\/\",\"url\":\"https:\/\/www.solocampings.com\/publicitar\/\",\"name\":\"Inicio -\",\"isPartOf\":{\"@id\":\"https:\/\/www.solocampings.com\/publicitar\/#website\"},\"primaryImageOfPage\":{\"@id\":\"https:\/\/www.solocampings.com\/publicitar\/#primaryimage\"},\"image\":{\"@id\":\"https:\/\/www.solocampings.com\/publicitar\/#primaryimage\"},\"thumbnailUrl\":\"https:\/\/www.solocampings.com\/publicitar\/wp-content\/uploads\/2020\/11\/camping_home_400.jpg\",\"datePublished\":\"2020-11-15T20:32:50+00:00\",\"dateModified\":\"2021-07-26T17:45:29+00:00\",\"breadcrumb\":{\"@id\":\"https:\/\/www.solocampings.com\/publicitar\/#breadcrumb\"},\"inLanguage\":\"es\",\"potentialAction\":[{\"@type\":\"ReadAction\",\"target\":[\"https:\/\/www.solocampings.com\/publicitar\/\"]}]},{\"@type\":\"ImageObject\",\"inLanguage\":\"es\",\"@id\":\"https:\/\/www.solocampings.com\/publicitar\/#primaryimage\",\"url\":\"https:\/\/i0.wp.com\/www.solocampings.com\/publicitar\/wp-content\/uploads\/2020\/11\/camping_home_400.jpg?fit=400%2C400&ssl=1\",\"contentUrl\":\"https:\/\/i0.wp.com\/www.solocampings.com\/publicitar\/wp-content\/uploads\/2020\/11\/camping_home_400.jpg?fit=400%2C400&ssl=1\",\"width\":400,\"height\":400,\"caption\":\"Gu\u00eda SoloCampings\"},{\"@type\":\"BreadcrumbList\",\"@id\":\"https:\/\/www.solocampings.com\/publicitar\/#breadcrumb\",\"itemListElement\":[{\"@type\":\"ListItem\",\"position\":1,\"name\":\"Portada\",\"item\":\"https:\/\/www.solocampings.com\/publicitar\/\"},{\"@type\":\"ListItem\",\"position\":2,\"name\":\"Inicio\"}]},{\"@type\":\"WebSite\",\"@id\":\"https:\/\/www.solocampings.com\/publicitar\/#website\",\"url\":\"https:\/\/www.solocampings.com\/publicitar\/\",\"name\":\"\",\"description\":\"\",\"potentialAction\":[{\"@type\":\"SearchAction\",\"target\":{\"@type\":\"EntryPoint\",\"urlTemplate\":\"https:\/\/www.solocampings.com\/publicitar\/?s={search_term_string}\"},\"query-input\":{\"@type\":\"PropertyValueSpecification\",\"valueRequired\":true,\"valueName\":\"search_term_string\"}}],\"inLanguage\":\"es\"}]}<\/script>\n<!-- \/ Yoast SEO plugin. -->","yoast_head_json":{"title":"Inicio -","robots":{"index":"index","follow":"follow","max-snippet":"max-snippet:-1","max-image-preview":"max-image-preview:large","max-video-preview":"max-video-preview:-1"},"canonical":"https:\/\/www.solocampings.com\/publicitar\/","og_locale":"es_ES","og_type":"article","og_title":"Inicio -","og_description":"Opciones para Campings","og_url":"https:\/\/www.solocampings.com\/publicitar\/","article_modified_time":"2021-07-26T17:45:29+00:00","og_image":[{"url":"https:\/\/www.solocampings.com\/publicitar\/wp-content\/uploads\/2020\/11\/camping_home_400.jpg"}],"twitter_card":"summary_large_image","twitter_misc":{"Tiempo de lectura":"1 minuto"},"schema":{"@context":"https:\/\/schema.org","@graph":[{"@type":"WebPage","@id":"https:\/\/www.solocampings.com\/publicitar\/","url":"https:\/\/www.solocampings.com\/publicitar\/","name":"Inicio -","isPartOf":{"@id":"https:\/\/www.solocampings.com\/publicitar\/#website"},"primaryImageOfPage":{"@id":"https:\/\/www.solocampings.com\/publicitar\/#primaryimage"},"image":{"@id":"https:\/\/www.solocampings.com\/publicitar\/#primaryimage"},"thumbnailUrl":"https:\/\/www.solocampings.com\/publicitar\/wp-content\/uploads\/2020\/11\/camping_home_400.jpg","datePublished":"2020-11-15T20:32:50+00:00","dateModified":"2021-07-26T17:45:29+00:00","breadcrumb":{"@id":"https:\/\/www.solocampings.com\/publicitar\/#breadcrumb"},"inLanguage":"es","potentialAction":[{"@type":"ReadAction","target":["https:\/\/www.solocampings.com\/publicitar\/"]}]},{"@type":"ImageObject","inLanguage":"es","@id":"https:\/\/www.solocampings.com\/publicitar\/#primaryimage","url":"https:\/\/i0.wp.com\/www.solocampings.com\/publicitar\/wp-content\/uploads\/2020\/11\/camping_home_400.jpg?fit=400%2C400&ssl=1","contentUrl":"https:\/\/i0.wp.com\/www.solocampings.com\/publicitar\/wp-content\/uploads\/2020\/11\/camping_home_400.jpg?fit=400%2C400&ssl=1","width":400,"height":400,"caption":"Gu\u00eda SoloCampings"},{"@type":"BreadcrumbList","@id":"https:\/\/www.solocampings.com\/publicitar\/#breadcrumb","itemListElement":[{"@type":"ListItem","position":1,"name":"Portada","item":"https:\/\/www.solocampings.com\/publicitar\/"},{"@type":"ListItem","position":2,"name":"Inicio"}]},{"@type":"WebSite","@id":"https:\/\/www.solocampings.com\/publicitar\/#website","url":"https:\/\/www.solocampings.com\/publicitar\/","name":"","description":"","potentialAction":[{"@type":"SearchAction","target":{"@type":"EntryPoint","urlTemplate":"https:\/\/www.solocampings.com\/publicitar\/?s={search_term_string}"},"query-input":{"@type":"PropertyValueSpecification","valueRequired":true,"valueName":"search_term_string"}}],"inLanguage":"es"}]}},"jetpack_sharing_enabled":true,"_links":{"self":[{"href":"https:\/\/www.solocampings.com\/publicitar\/wp-json\/wp\/v2\/pages\/1844"}],"collection":[{"href":"https:\/\/www.solocampings.com\/publicitar\/wp-json\/wp\/v2\/pages"}],"about":[{"href":"https:\/\/www.solocampings.com\/publicitar\/wp-json\/wp\/v2\/types\/page"}],"author":[{"embeddable":true,"href":"https:\/\/www.solocampings.com\/publicitar\/wp-json\/wp\/v2\/users\/1"}],"replies":[{"embeddable":true,"href":"https:\/\/www.solocampings.com\/publicitar\/wp-json\/wp\/v2\/comments?post=1844"}],"version-history":[{"count":3,"href":"https:\/\/www.solocampings.com\/publicitar\/wp-json\/wp\/v2\/pages\/1844\/revisions"}],"predecessor-version":[{"id":5630,"href":"https:\/\/www.solocampings.com\/publicitar\/wp-json\/wp\/v2\/pages\/1844\/revisions\/5630"}],"wp:attachment":[{"href":"https:\/\/www.solocampings.com\/publicitar\/wp-json\/wp\/v2\/media?parent=1844"}],"curies":[{"name":"wp","href":"https:\/\/api.w.org\/{rel}","templated":true}]}}